der when f is divided by b?
3
Let o = 4062 + -3945. Calculate the remainder when 583 is divided by o.
115
Calculate the remainder when 843258/5690 + (1 + -3)/10 is divided by 17.
12
Suppose 2*j + 2*j - 324 = 0. Suppose 5*b = 3*w - j, 0 = -5*w - 6*b + 4*b + 135. Suppose g + 30*g - 217 = 0. What is the remainder when w is divided by g?
6
Suppose -c + 1191 = 143*a - 139*a, c - 3*a - 1156 = 0. Suppose -5*i - 2*d - 916 = -9*i, -5*i + c = 4*d. What is the remainder when i is divided by 39?
36
Let x be 7*-1*9/(-21). Suppose 3*l = -5*b + 87, -4*l = x*b - 78 + 28. What is the remainder when b is divided by 5 - -2*(-2)/(-2)?
4
Let n(c) be the first derivative of 3*c**2 - 44*c + 78. What is the remainder when n(12) is divided by 6?
4
Let y(n) = 2*n**2 - 19*n + 15. Suppose -4*i + 116 = -g, -58 = -2*i + g - 0. Suppose 2*k + 5 - i = 0. What is the remainder when y(k) is divided by 26?
23
Let b(n) = -2*n**2 + 21*n - 14. Suppose 0 = -0*o - o - 4, -4*y + 48 = -2*o. Suppose 3*x = y + 17. Calculate the remainder when b(x) is divided by 6.
1
Let z(x) = -14*x - 36. Let u be z(-11). Suppose -113*w = -u*w + 85. What is the remainder when 43 is divided by w?
9
Suppose -40*t + 4468 = -14452. Calculate the remainder when t is divided by 68.
65
Let n = -640 + 745. Calculate the remainder when 334 is divided by n.
19
Let g(l) = 4 - l**2 - 7 - 8*l + 13*l**3 - 1 + 3 + 11*l. Calculate the remainder when 36 is divided by g(1).
8
Suppose -5*b + 1568 = 4*m, -12*m + 13*m + 934 = 3*b. Suppose 2*z + 0*z = 4*i - 1242, i = -z + b. What is the remainder when i is divided by 26?
25
Let x = 18 + 4. What is the remainder when 5 + -16 + 3*47 is divided by x?
20
Let v = -16 + 23. What is the remainder when v is divided by -33 + -22 + 60 + -3?
1
What is the remainder when (-2)/(-4) - ((-6616)/(-32) + -3)*-26 is divided by 50?
48
Suppose 0 = 4*t + 4*h - 0 + 4, t - 3*h - 19 = 0. Suppose t*r - 5*r = -43. Calculate the remainder when 4 - (-6 - -6 - (2 - -163)) is divided by r.
40
Let d be 560/(-5) - (1 + -2). Let z = d + 96. Calculate the remainder when 2/10 - ((-4437)/z)/(-1) is divided by 27.
26
Let k = 8554 + -8374. Calculate the remainder when 1088 is divided by k.
8
Let o(c) = 8*c + 47. Let m be o(14). Let f = m - 71. Let n = 147 - f. What is the remainder when n is divided by 21?
17
Let h(c) = -3*c + 112. Let y be h(30). Suppose -456 = -34*t + y*t. Suppose 6*v - 365 = v. Calculate the remainder when v is divided by t.
35
Let d(j) = -j**3 - 18*j**2 - 139*j + 38. Calculate the remainder when d(-13) is divided by 11.
10
Suppose -7*a + 3*a = 3*i - 426, 2*a + 3*i = 216. Calculate the remainder when a is divided by 71.
34
Let s = 29584 + -29185. What is the remainder when s is divided by 136?
127
What is the remainder when 161 is divided by 26 + -17 + 2 - (-18)/(-2)?
1
Suppose u + 5*g - 411 = 153, -3*g = -5*u + 2792. Calculate the remainder when u is divided by 57.
46
Calculate the remainder when 709 is divided by -8 + -160*24/(-60).
37
Let d be 6/(-21) + 150/(-14). Let p(h) be the second derivative of -h**3/3 - 15*h**2/2 + 2*h + 6. What is the remainder when 12 is divided by p(d)?
5
Let o = 235 - -598. Suppose 3*h + o = 10*h. Calculate the remainder when h is divided by 43.
33
Let p = -15492 + 15603. What is the remainder when 1997 is divided by p?
110
Suppose 6*l + 4 + 2 = 0. Calculate the remainder when (6/9)/((-1)/(-99)) is divided by l/2 - (-345)/10.
32
Let s(k) = -k**2 - 16*k + 574. Suppose 0 = -5*h - 34 - 11. What is the remainder when (h/(-18))/((-1)/(-98)) is divided by s(17)?
10
Let l = -209 - -212. Suppose 4*x + 6*d = l*d + 36, 0 = 4*x + 4*d - 40. What is the remainder when 32 is divided by x?
2
What is the remainder when (-38328)/(-40) - 17 - 36/(-20) is divided by 241?
220
Suppose -3*o = o - 296. Suppose 47*g = 5*t + 50*g - 47, 0 = -5*t - 16*g - 31. What is the remainder when o is divided by t?
9
Suppose -x + 2*y + 267 = 7*y, 3*x - 749 = -2*y. Suppose 3*n - x = 4*l - 1157, 5*n + 906 = 4*l. What is the remainder when l is divided by 33?
31
Suppose -388*a + 26835 = 6271. What is the remainder when 173 is divided by a?
14
Suppose -5*f + 168 = 33. Let o = -46938 - -46954. What is the remainder when f is divided by o?
11
Let b(w) = -318*w - 2711. Calculate the remainder when b(-12) is divided by 111.
106
Let n be (-26)/(-65) - (-8)/5. Suppose 2*r - 3*a - 58 = -7*a, -5*r + 161 = n*a. What is the remainder when 75 is divided by -4*(-52)/6*r/44?
23
Suppose -1001 = 24*i - 63*i + 52. Calculate the remainder when 2859 is divided by i.
24
Let g = -90 - -103. Suppose 3*p - 1792 = -g*p. Calculate the remainder when p is divided by 230/6 + (-2)/6.
36
Calculate the remainder when 459 is divided by ((-10)/14 - 152/532)*-42.
39
Let x = 5480 + -5285. What is the remainder when 1354 is divided by x?
184
Let w be (2/(-7))/(30/(-525)). Suppose -w*n = 3*q - 78, 8*n - 5*q - 92 = 4*n. What is the remainder when 31 is divided by n?
13
Suppose 0 = -x + 4*p + 14, 5*p = -4*x + p - 24. What is the remainder when (x/6)/((-2)/6) is divided by (-1*2)/1 - -3?
0
Let n(y) = -5*y**2 - 11*y + 9. Let v(r) = 5*r + 0*r**2 + 407 + 3*r**2 - 411. Let h(s) = 4*n(s) + 7*v(s). What is the remainder when 117 is divided by h(11)?
27
Let t be (-3 + -7)*1*4/(-8). Suppose m - 3*n - 63 + 7 = 0, -t*n = 5. Calculate the remainder when 169 is divided by m.
10
Let y(i) = -2*i**3 + 106*i**2 + 18*i + 633. Calculate the remainder when y(53) is divided by 15.
12
Let t = -135049 + 135275. What is the remainder when t is divided by (-2)/(-6) + (-137)/(-3)?
42
Let t be (-4)/(-15)*-6*(-15)/2. Suppose -q + 4*h + 46 = -t, 216 = 3*q + 2*h. Suppose 0 = 12*c - 7*c - q. What is the remainder when 51 is divided by c?
9
Suppose -17*t + 14*t + 12 = 0. Let y(i) = 8 + 0*i**2 + i - 3*i**2 + t*i**2. Calculate the remainder when 113 is divided by y(-6).
37
Suppose -4*t - 19 = l - 9*t, 3*t = 5*l + 7. Calculate the remainder when 93 is divided by 25 + 2 - (1 - (l - -5)).
29
What is the remainder when (-4 + 6 + -690)*(-7 + 91/14) is divided by 10?
4
Suppose 76*k - 35*k - 24*k - 748 = 0. Calculate the remainder when 967 is divided by k.
43
Let m(g) = -g**3 - 4*g**2. Let z be m(-5). Let d = 27 - z. Suppose d*o - 5*r + 260 = 7*o, o + 4*r - 37 = 0. What is the remainder when o is divided by 12?
9
Suppose 3*n - 56 = -0*n + 166. What is the remainder when 896 is divided by n?
8
Let f(l) = -82*l + 10. Let m be f(-1). Suppose -2*i + m = 2*i. Calculate the remainder when 1/5 - (-2544)/30 is divided by i.
16
Suppose 4*j + 3*m = 405 - 93, -4*j + 2*m + 312 = 0. Calculate the remainder when 133 is divided by j.
55
Suppose -5*n - 55 = -3*o - 670, -5*n = -2*o - 410. Let g = o + 238. What is the remainder when 68 is divided by g?
2
Let u = 149 - 76. Let q = u + -65. Calculate the remainder when 29 is divided by q.
5
Let c be (-177 - -176) + -1 + (-1865)/(-1). Calculate the remainder when (c/(-36))/(-9)*8 is divided by 20.
6
Let c be (3 + 0 - (-6 - -10))/1. Suppose 0 = 5*i - 2*g - 499, 5*g = i - 5*i + 386. What is the remainder when i is divided by 15*((-20)/15)/c?
19
Suppose -257*d + 249*d + 2680 = 0. What is the remainder when d is divided by 6?
5
Let x = -44 + 68. Suppose -2*k + 6*f - f = 11, 3*f = -k. Calculate the remainder when x is divided by (-3)/(k/(-9)*(-3 - -2)).
6
Let f be 24/(-3) + 3 + -15. What is the remainder when -1*1*(5*-6 - -7) is divided by -3*f/(-9)*(-3)/2?
3
Suppose -54*p = -59*p - 3*q + 1207, 5*p = 4*q + 1179. What is the remainder when p is divided by 24?
23
Let y(f) = 2*f**3 - 4*f**2 - 113*f - 32. Calculate the remainder when y(9) is divided by 5.
0
Calculate the remainder when 62 is divided by (5 - 4)/(4/((-32)/(-28)))*49.
6
Let p = 497 + -288. Let y = -12 + p. What is the remainder when y is divided by 50?
47
Let d = 21 - 16. Suppose 7*o - d*o - 14 = 0. Let z(x) = x**2 - 2*x - 8. Calculate the remainder when 105 is divided by z(o).
24
Let x = -24672 + 25048. What is the remainder when 2615 is divided by x?
359
Let u be 2/6 + 9/(-54)*14. Calculate the remainder when ((-75)/2)/(u/4) is divided by 2*-2 + (-210)/(-7).
23
Suppose 12*w - 1435 - 3005 = 0. Let s = w + -361. Calculate the remainder when 203 is divided by s.
5
Calculate the remainder when (-96)/290 + (-6)/(-15) + 31234/406 is divided by (-74 + -8)*(-2)/8*2.
36
Let p(w) = 5*w - 2. Let r = 